{"id":278,"date":"2022-05-04T16:39:54","date_gmt":"2022-05-04T16:39:54","guid":{"rendered":"https:\/\/www.reparaexpress.es\/tienda\/?post_type=product&#038;p=278"},"modified":"2022-05-04T16:39:55","modified_gmt":"2022-05-04T16:39:55","slug":"cable-lightning-2m-2-4a","status":"publish","type":"product","link":"https:\/\/www.reparaexpress.es\/tienda\/producto\/cable-lightning-2m-2-4a\/","title":{"rendered":"Cable Lightning 2M 2.4A"},"content":{"rendered":"<p style=\"margin-top: 0px; margin-bottom: 0.8rem; font-family: Tajawal, sans-serif; font-size: 16px; background-color: #ffffff;\">Turbo Cable blanco con conector Lightning de 2 metros y potencia de 2.4 amperios\u00a0&#8211; C42B.<\/p>\n<p style=\"margin-top: 0px; margin-bottom: 0.8rem; font-family: Tajawal, sans-serif; font-size: 16px; background-color: #ffffff;\">Turbo Cable de gran potencia y un longitud 200 cent\u00edmetros\u00a0te permite usar el tel\u00e9fono m\u00f3vil o tablet en sitios alejados de las tomas de corriente, para facilitarte los movimientos cuando recargas tu smartphone o tableta.<\/p>\n<p style=\"margin-top: 0px; margin-bottom: 0.8rem; font-family: Tajawal, sans-serif; font-size: 16px; background-color: #ffffff;\">Turbo Cable es un cable ultra resistente dotado de conector Lightning, ideal para la r\u00e1pida recarga y sincronizaci\u00f3n de datos, compatible con la carga r\u00e1pida.<\/p>\n<p style=\"margin-top: 0px; margin-bottom: 0.8rem; font-family: Tajawal, sans-serif; font-size: 16px; background-color: #ffffff;\">\n","protected":false},"excerpt":{"rendered":"<p>Turbo Cable blanco con conector Lightning de 2 metros y potencia de 2.4 amperios 50<\/p>\n","protected":false},"featured_media":280,"comment_status":"open","ping_status":"closed","template":"","meta":{"_joinchat":[]},"product_brand":[],"product_cat":[41,32],"product_tag":[25,64,23,24],"class_list":{"0":"post-278","1":"product","2":"type-product","3":"status-publish","4":"has-post-thumbnail","6":"product_cat-apple","7":"product_cat-cables","8":"product_tag-cable-cargador","9":"product_tag-cable-movil","10":"product_tag-cargador","11":"product_tag-moviles","13":"first","14":"instock","15":"taxable","16":"shipping-taxable","17":"purchasable","18":"product-type-simple"},"jetpack_sharing_enabled":true,"_links":{"self":[{"href":"https:\/\/www.reparaexpress.es\/tienda\/wp-json\/wp\/v2\/product\/278","targetHints":{"allow":["GET"]}}],"collection":[{"href":"https:\/\/www.reparaexpress.es\/tienda\/wp-json\/wp\/v2\/product"}],"about":[{"href":"https:\/\/www.reparaexpress.es\/tienda\/wp-json\/wp\/v2\/types\/product"}],"replies":[{"embeddable":true,"href":"https:\/\/www.reparaexpress.es\/tienda\/wp-json\/wp\/v2\/comments?post=278"}],"wp:featuredmedia":[{"embeddable":true,"href":"https:\/\/www.reparaexpress.es\/tienda\/wp-json\/wp\/v2\/media\/280"}],"wp:attachment":[{"href":"https:\/\/www.reparaexpress.es\/tienda\/wp-json\/wp\/v2\/media?parent=278"}],"wp:term":[{"taxonomy":"product_brand","embeddable":true,"href":"https:\/\/www.reparaexpress.es\/tienda\/wp-json\/wp\/v2\/product_brand?post=278"},{"taxonomy":"product_cat","embeddable":true,"href":"https:\/\/www.reparaexpress.es\/tienda\/wp-json\/wp\/v2\/product_cat?post=278"},{"taxonomy":"product_tag","embeddable":true,"href":"https:\/\/www.reparaexpress.es\/tienda\/wp-json\/wp\/v2\/product_tag?post=278"}],"curies":[{"name":"wp","href":"https:\/\/api.w.org\/{rel}","templated":true}]}}