{"id":403,"date":"2022-05-05T17:37:40","date_gmt":"2022-05-05T17:37:40","guid":{"rendered":"https:\/\/www.reparaexpress.es\/tienda\/?post_type=product&#038;p=403"},"modified":"2022-05-05T17:37:41","modified_gmt":"2022-05-05T17:37:41","slug":"raton-optico-inalambrico-2-botones-scroll","status":"publish","type":"product","link":"https:\/\/www.reparaexpress.es\/tienda\/producto\/raton-optico-inalambrico-2-botones-scroll\/","title":{"rendered":"Rat\u00f3n \u00f3ptico inalambrico 2 botones + scroll"},"content":{"rendered":"<table class=\"table2\" width=\"305\">\n<tbody>\n<tr>\n<td>Conectividad:2,4 GHz<\/td>\n<td>Conexi\u00f3n:USB<\/td>\n<\/tr>\n<tr>\n<td>Distancia de trabajo:8-10 m<\/td>\n<td>Tipo de sensor:\u00f3ptico<\/td>\n<\/tr>\n<tr>\n<td>Rueda:s\u00ed<\/td>\n<td>N\u00famero de botones:2<\/td>\n<\/tr>\n<tr>\n<td>DPI:1000<\/td>\n<td>Usabilidad:ambidiestros<\/td>\n<\/tr>\n<\/tbody>\n<\/table>\n","protected":false},"excerpt":{"rendered":"<ul>\n<li>Rat\u00f3n \u00f3ptico inal\u00e1mbrico de 100 DPIs con conexi\u00f3n USB.<\/li>\n<li>Incorpora 2 botones y una rueda de desplazamiento que proporciona un control excelente.<\/li>\n<li>Instalaci\u00f3n \u201cPlug and Play\u201d.<\/li>\n<li>Interfaz NANO USB.<\/li>\n<li>Alcance inal\u00e1mbrico de hasta 10 metros.<\/li>\n<li>Para ambidiestros.<\/li>\n<\/ul>\n<ul>\n<li>Su tama\u00f1o medio es perfecto para ordenadores de sobremesa y para port\u00e1tiles<\/li>\n<\/ul>\n","protected":false},"featured_media":406,"comment_status":"open","ping_status":"closed","template":"","meta":{"_joinchat":[]},"product_brand":[],"product_cat":[42,44],"product_tag":[69,67,68],"class_list":{"0":"post-403","1":"product","2":"type-product","3":"status-publish","4":"has-post-thumbnail","6":"product_cat-perifericos","7":"product_cat-ratones","8":"product_tag-inalambrico","9":"product_tag-raton","10":"product_tag-ratones","12":"first","13":"instock","14":"taxable","15":"shipping-taxable","16":"purchasable","17":"product-type-variable","18":"has-default-attributes"},"jetpack_sharing_enabled":true,"_links":{"self":[{"href":"https:\/\/www.reparaexpress.es\/tienda\/wp-json\/wp\/v2\/product\/403","targetHints":{"allow":["GET"]}}],"collection":[{"href":"https:\/\/www.reparaexpress.es\/tienda\/wp-json\/wp\/v2\/product"}],"about":[{"href":"https:\/\/www.reparaexpress.es\/tienda\/wp-json\/wp\/v2\/types\/product"}],"replies":[{"embeddable":true,"href":"https:\/\/www.reparaexpress.es\/tienda\/wp-json\/wp\/v2\/comments?post=403"}],"wp:featuredmedia":[{"embeddable":true,"href":"https:\/\/www.reparaexpress.es\/tienda\/wp-json\/wp\/v2\/media\/406"}],"wp:attachment":[{"href":"https:\/\/www.reparaexpress.es\/tienda\/wp-json\/wp\/v2\/media?parent=403"}],"wp:term":[{"taxonomy":"product_brand","embeddable":true,"href":"https:\/\/www.reparaexpress.es\/tienda\/wp-json\/wp\/v2\/product_brand?post=403"},{"taxonomy":"product_cat","embeddable":true,"href":"https:\/\/www.reparaexpress.es\/tienda\/wp-json\/wp\/v2\/product_cat?post=403"},{"taxonomy":"product_tag","embeddable":true,"href":"https:\/\/www.reparaexpress.es\/tienda\/wp-json\/wp\/v2\/product_tag?post=403"}],"curies":[{"name":"wp","href":"https:\/\/api.w.org\/{rel}","templated":true}]}}