{"id":514,"date":"2022-05-06T11:35:43","date_gmt":"2022-05-06T11:35:43","guid":{"rendered":"https:\/\/www.reparaexpress.es\/tienda\/?post_type=product&#038;p=514"},"modified":"2022-05-30T10:14:14","modified_gmt":"2022-05-30T10:14:14","slug":"auriculares-estereo","status":"publish","type":"product","link":"https:\/\/www.reparaexpress.es\/tienda\/producto\/auriculares-estereo\/","title":{"rendered":"Auriculares est\u00e9reo"},"content":{"rendered":"<p style=\"margin: 0px 0px 15px; font-size: 16px; color: #333333; font-family: arial, sans-serif; background-color: #ffffff;\">Auriculares est\u00e9reo de\u00a0tap\u00f3n con micr\u00f3fonos,disfrutar de un sonido de alta fidelidad proporciona una experiencia musical inmersiva \u00fanica.<\/p>\n<p style=\"margin: 0px 0px 15px; font-size: 16px; color: #333333; font-family: arial, sans-serif; background-color: #ffffff;\">Los tapones para los o\u00eddos de tres tama\u00f1os.<\/p>\n<p style=\"margin: 0px 0px 15px; font-size: 16px; color: #333333; font-family: arial, sans-serif; background-color: #ffffff;\">Le permite recibir llamadas con el manos libres mientras escucha m\u00fasica a trav\u00e9s del bot\u00f3n.<\/p>\n<p style=\"margin: 0px 0px 15px; font-size: 16px; color: #333333; font-family: arial, sans-serif; background-color: #ffffff;\">Es compatible con una amplia gama de dispositivos con conector de Jack 3.5 mm.<\/p>\n","protected":false},"excerpt":{"rendered":"<p>Auriculares Est\u00e9reo con Micr\u00f3fono<\/p>\n","protected":false},"featured_media":518,"comment_status":"open","ping_status":"closed","template":"","meta":{"_joinchat":[]},"product_brand":[],"product_cat":[45,42],"product_tag":[],"class_list":{"0":"post-514","1":"product","2":"type-product","3":"status-publish","4":"has-post-thumbnail","6":"product_cat-auriculares","7":"product_cat-perifericos","9":"first","10":"instock","11":"taxable","12":"shipping-taxable","13":"purchasable","14":"product-type-variable"},"jetpack_sharing_enabled":true,"_links":{"self":[{"href":"https:\/\/www.reparaexpress.es\/tienda\/wp-json\/wp\/v2\/product\/514","targetHints":{"allow":["GET"]}}],"collection":[{"href":"https:\/\/www.reparaexpress.es\/tienda\/wp-json\/wp\/v2\/product"}],"about":[{"href":"https:\/\/www.reparaexpress.es\/tienda\/wp-json\/wp\/v2\/types\/product"}],"replies":[{"embeddable":true,"href":"https:\/\/www.reparaexpress.es\/tienda\/wp-json\/wp\/v2\/comments?post=514"}],"wp:featuredmedia":[{"embeddable":true,"href":"https:\/\/www.reparaexpress.es\/tienda\/wp-json\/wp\/v2\/media\/518"}],"wp:attachment":[{"href":"https:\/\/www.reparaexpress.es\/tienda\/wp-json\/wp\/v2\/media?parent=514"}],"wp:term":[{"taxonomy":"product_brand","embeddable":true,"href":"https:\/\/www.reparaexpress.es\/tienda\/wp-json\/wp\/v2\/product_brand?post=514"},{"taxonomy":"product_cat","embeddable":true,"href":"https:\/\/www.reparaexpress.es\/tienda\/wp-json\/wp\/v2\/product_cat?post=514"},{"taxonomy":"product_tag","embeddable":true,"href":"https:\/\/www.reparaexpress.es\/tienda\/wp-json\/wp\/v2\/product_tag?post=514"}],"curies":[{"name":"wp","href":"https:\/\/api.w.org\/{rel}","templated":true}]}}