{"id":638,"date":"2022-05-12T17:40:04","date_gmt":"2022-05-12T17:40:04","guid":{"rendered":"https:\/\/www.reparaexpress.es\/tienda\/?post_type=product&#038;p=638"},"modified":"2022-05-12T17:40:04","modified_gmt":"2022-05-12T17:40:04","slug":"cable-adaptador-displayport-a-vga-negro","status":"publish","type":"product","link":"https:\/\/www.reparaexpress.es\/tienda\/producto\/cable-adaptador-displayport-a-vga-negro\/","title":{"rendered":"Cable Adaptador DisplayPort a VGA Negro"},"content":{"rendered":"<p>El adaptador DisplayPort a VGA le permite conectar su ordenador equipado con DisplayPort a un monitor o proyector VGA. El adaptador funciona con ordenadores equipados con DisplayPort<\/p>\n","protected":false},"excerpt":{"rendered":"<p>El adaptador ofrece conectividad plug-and-play, lo cual es garant\u00eda de una configuraci\u00f3n sencilla. Funciona con monitores VGA de generaci\u00f3n anterior El adaptador DisplayPort facilita que su ordenador equipado con DisplayPort sea totalmente compatible con monitores o proyectores VGA existentes en su hogar u oficina<\/p>\n","protected":false},"featured_media":640,"comment_status":"open","ping_status":"closed","template":"","meta":{"_joinchat":[]},"product_brand":[],"product_cat":[90],"product_tag":[93,91,92],"class_list":{"0":"post-638","1":"product","2":"type-product","3":"status-publish","4":"has-post-thumbnail","6":"product_cat-conectividad","7":"product_tag-adaptador","8":"product_tag-convertidor","9":"product_tag-hdmi","11":"first","12":"instock","13":"taxable","14":"shipping-taxable","15":"purchasable","16":"product-type-simple"},"jetpack_sharing_enabled":true,"_links":{"self":[{"href":"https:\/\/www.reparaexpress.es\/tienda\/wp-json\/wp\/v2\/product\/638","targetHints":{"allow":["GET"]}}],"collection":[{"href":"https:\/\/www.reparaexpress.es\/tienda\/wp-json\/wp\/v2\/product"}],"about":[{"href":"https:\/\/www.reparaexpress.es\/tienda\/wp-json\/wp\/v2\/types\/product"}],"replies":[{"embeddable":true,"href":"https:\/\/www.reparaexpress.es\/tienda\/wp-json\/wp\/v2\/comments?post=638"}],"wp:featuredmedia":[{"embeddable":true,"href":"https:\/\/www.reparaexpress.es\/tienda\/wp-json\/wp\/v2\/media\/640"}],"wp:attachment":[{"href":"https:\/\/www.reparaexpress.es\/tienda\/wp-json\/wp\/v2\/media?parent=638"}],"wp:term":[{"taxonomy":"product_brand","embeddable":true,"href":"https:\/\/www.reparaexpress.es\/tienda\/wp-json\/wp\/v2\/product_brand?post=638"},{"taxonomy":"product_cat","embeddable":true,"href":"https:\/\/www.reparaexpress.es\/tienda\/wp-json\/wp\/v2\/product_cat?post=638"},{"taxonomy":"product_tag","embeddable":true,"href":"https:\/\/www.reparaexpress.es\/tienda\/wp-json\/wp\/v2\/product_tag?post=638"}],"curies":[{"name":"wp","href":"https:\/\/api.w.org\/{rel}","templated":true}]}}