{"id":642,"date":"2022-05-12T17:44:12","date_gmt":"2022-05-12T17:44:12","guid":{"rendered":"https:\/\/www.reparaexpress.es\/tienda\/?post_type=product&#038;p=642"},"modified":"2022-05-12T17:44:13","modified_gmt":"2022-05-12T17:44:13","slug":"cable-hdmi-a-vga-sin-audio-negro","status":"publish","type":"product","link":"https:\/\/www.reparaexpress.es\/tienda\/producto\/cable-hdmi-a-vga-sin-audio-negro\/","title":{"rendered":"Cable HDMI a VGA sin Audio Negro"},"content":{"rendered":"<p>Convertidor HDMI al convertidor VGA. Convierte la entrada digital HDMI en la salida VGA anal\u00f3gica. Hasta 1920&#215;1080 @ 60Hz apoyo de alto ancho de banda. Resoluci\u00f3n de v\u00eddeo de salida es la misma que la resoluci\u00f3n de v\u00eddeo de entrada<\/p>\n","protected":false},"excerpt":{"rendered":"<ul>\n<li><strong>Caracter\u00edsticas<\/strong>\n<ul>\n<li>Longitud de cable: 0,15 m<\/li>\n<li>Conector 1: HDMI<\/li>\n<li>Conector 2: VGA<\/li>\n<li>G\u00e9nero del conector 1: Macho<\/li>\n<li>G\u00e9nero del conector 2: Hembra<\/li>\n<li>Color del producto: Negro<\/li>\n<li>Circuito integrado: CH7101<\/li>\n<\/ul>\n<\/li>\n<\/ul>\n","protected":false},"featured_media":643,"comment_status":"open","ping_status":"closed","template":"","meta":{"_joinchat":[]},"product_brand":[],"product_cat":[90],"product_tag":[93,91,92],"class_list":{"0":"post-642","1":"product","2":"type-product","3":"status-publish","4":"has-post-thumbnail","6":"product_cat-conectividad","7":"product_tag-adaptador","8":"product_tag-convertidor","9":"product_tag-hdmi","11":"first","12":"instock","13":"taxable","14":"shipping-taxable","15":"purchasable","16":"product-type-simple"},"jetpack_sharing_enabled":true,"_links":{"self":[{"href":"https:\/\/www.reparaexpress.es\/tienda\/wp-json\/wp\/v2\/product\/642","targetHints":{"allow":["GET"]}}],"collection":[{"href":"https:\/\/www.reparaexpress.es\/tienda\/wp-json\/wp\/v2\/product"}],"about":[{"href":"https:\/\/www.reparaexpress.es\/tienda\/wp-json\/wp\/v2\/types\/product"}],"replies":[{"embeddable":true,"href":"https:\/\/www.reparaexpress.es\/tienda\/wp-json\/wp\/v2\/comments?post=642"}],"wp:featuredmedia":[{"embeddable":true,"href":"https:\/\/www.reparaexpress.es\/tienda\/wp-json\/wp\/v2\/media\/643"}],"wp:attachment":[{"href":"https:\/\/www.reparaexpress.es\/tienda\/wp-json\/wp\/v2\/media?parent=642"}],"wp:term":[{"taxonomy":"product_brand","embeddable":true,"href":"https:\/\/www.reparaexpress.es\/tienda\/wp-json\/wp\/v2\/product_brand?post=642"},{"taxonomy":"product_cat","embeddable":true,"href":"https:\/\/www.reparaexpress.es\/tienda\/wp-json\/wp\/v2\/product_cat?post=642"},{"taxonomy":"product_tag","embeddable":true,"href":"https:\/\/www.reparaexpress.es\/tienda\/wp-json\/wp\/v2\/product_tag?post=642"}],"curies":[{"name":"wp","href":"https:\/\/api.w.org\/{rel}","templated":true}]}}