{"id":763,"date":"2022-05-30T10:25:26","date_gmt":"2022-05-30T10:25:26","guid":{"rendered":"https:\/\/www.reparaexpress.es\/tienda\/?post_type=product&#038;p=763"},"modified":"2022-05-30T10:38:41","modified_gmt":"2022-05-30T10:38:41","slug":"cargador-portatil-acer","status":"publish","type":"product","link":"https:\/\/www.reparaexpress.es\/tienda\/producto\/cargador-portatil-acer\/","title":{"rendered":"Cargador port\u00e1til Acer"},"content":{"rendered":"<p>Si necesita reemplazar el cargador de su computadora port\u00e1til Acer, ha venido al lugar correcto. A trav\u00e9s de nosotros puedes comprar el cargador para port\u00e1til Acer que est\u00e1s buscando. Podr\u00e1s seguir usando tu ordenador como si el cargador nunca se hubiera estropeado.<\/p>\n<p><strong>Modelos compatibles:<\/strong><\/p>\n<p>Acer Aspire 5920, 5920G, 7720, 7720G<br \/>\nAcer Aspire 5520, 5315<\/p>\n<p>Acer Ferrari 1000 Series<br \/>\nAcer Ferrari 1100 Series<br \/>\nAcer Ferrari 1200 Series<\/p>\n<p>Acer Aspire 1200 Series<br \/>\nAcer Aspire 1203XC<\/p>\n<p>Acer AspireES1-512 MS2394<\/p>\n<p>Acer Aspire 1400 Series<br \/>\nAcer Aspire 1412WLMI, 1414, 1412, 1413, 1414LC, 1412LC, 1413LC, 1414LMI, 1412LCI, 1413LM, 1414WL, 1410T, 1410, 1412LM, 1413LMI, 1414WLCI, 1411, 1412LMI, 1413WLMI, 1414WLMI, 1411WLMI<\/p>\n<p>Acer Aspire 1600 Series<br \/>\nAcer Aspire 1691, 1681LC, 1692WLCI, 1681WLMI, 1694LMI, 1640, 1682WLM, 1641WLMI, 1684, 1651, 1690, 1654WLMI, 1691WL, 1681LCI, 1693, 1682, 1694WLCI, 1640LC, 1682WLMI, 1642, 1684WLMI, 1651WLCI, 1690LCI, 1680, 1691WLCI, 1681LMI, 1693WLCI, 1682LCI, 1694WLMI, 1641, 1683, 1642WLMI, 1685, 1651WLMI, 1690WLC, 1680WLCI, 1691WLMI, 1681WLC, 1693WLM, 1682LMI, 1695, 1641LCI, 1683LMI, 1644, 1685WLCI, 1652, 1690WLCI, 1680WLMI, 1692, 1681WLCI, 1693WLMI, 1682WLC, 1695WLMI, 1641LM, 1683WLM, 1644WLMI, 1685WLI, 1652WLMI, 1690WLMI, 1681, 1692LMI, 1681WLM, 1694, 1682WLCI, 1696WLMI, 1641LMI, 1683WLMI, 1650, 1685WLMI, 1654<\/p>\n<p>Acer Aspire TimelineX 1800 Series<br \/>\nAcer Aspire TimelineX 1810TZ<\/p>\n<p>Acer Travelmate 200 Series<br \/>\nAcer Travelmate 219, 290XMI, 233XV, 223X, 291LCI-G, 200, 292EFX, 202, 272LC, 292EXCI, 210T, 273X, 293ELCI, 230XC, 212TXV, 290LCI, 220, 290XVI, 233XVI, 223XC, 291LCI-M11, 200DX, 292EFXC, 202T, 272X, 292FLMI, 210TER, 273XV, 293ELM, 230XV, 213T, 290LMI, 233, 222, 291, 234, 225X, 291LMI, 200T, 270, 292EFXCI, 202TE, 272XC, 292FXCI, 211T, 290, 293ELMI, 230XV-PRO, 213TX, 290X, 233LC, 222X, 291FLMI, 234LC, 225XC, 291LMI-G, 201, 270X, 292ELCI, 203T, 272XV, 292LCI, 212T, 290ATI, 293LCI, 213TXV, 290XCI, 233X, 223, 291FXCI, 234LCI, 225XV-PRO, 291XCI, 201DX, 270XV, 292ELMI, 210, 272XVI, 292XCI, 212TE, 290D, 293LMI, 214, 290XI, 233XC, 223SC, 291LCI, 230, 292, 201T, 272, 292EXC, 210DX, 273, 293ELC, 230X, 212TX, 290E<\/p>\n<p>Acer Aspire 2000 Series<br \/>\nAcer Aspire 2023LMI, 2003, 2025, 2003WLMI, 2026WLMI, 2012LC, 2000, 2013WLMI, 2001LC, 2020LC, 2002, 2023WLCI, 2003LC, 2025LMI, 2010, 2012LCI, 2000LCI, 2014, 2001LCE, 2020WLCI, 2002LCI, 2023WLMI, 2003LCI, 2025WLCI, 2010LMI, 2012LMI, 2000LMI, 2014WLMI, 2001LCI, 2021, 2002LMI, 2024, 2003LM, 2025WLMI, 2010WLCI, 2012WLCI, 2000WLCI, 2016, 2001LMI, 2021WLMI, 2002WLCI, 2024WLCI, 2003LMI, 2026, 2010WLMI, 2012WLMI, 2000WLMI, 2016WLMI, 2001WLCI, 2023, 2002WLMI, 2024WLMI, 2003WLCI, 2026LMI, 2012, 2013, 2001, 2020, 2001WLMI<\/p>\n<p>Acer Travelmate 2300 Series<br \/>\nAcer Travelmate 2313LMI, 2355NLMI, 2353, 2300, 2353NLCI, 2303LC, 2354NLC, 2355LM, 2313NL T, 2355XM, 2353LC, 2301LC, 2353WLMI, 2303LCI, 2354NLCI, 2355LMI, 2353LCI, 2301LCI, 2354, 2303WLCI, 2354NLM, 2355NLC, 2350, 2353LM, 2301WLCI, 2354LC, 2304LCI, 2354NLMI, 2310, 2355NLCI, 2353LMI, 2301XC, 2354LCI, 2304WLCI, 2355LC, 2312LCI, 2355NLM, 2352NLCI, 2353NLC, 2302, 2354LMI, 2355LCI<\/p>\n<p>Acer Travelmate 2400 Series<br \/>\nAcer Travelmate 2423, 2460, 2410, 2493NWLMI, 2412NLM, 2413NWLMI, 2414WLMI, 2423WXCI, 2480, 2410WLMI, 2493WLMI, 2413, 2413WLCI, 2419, 2423WXI, 2400, 2483, 2412, 2413LCI, 2413WLMI, 2419LCI, 2430, 2403, 2483WXMI, 2412LCI, 2482WXMI, 2413LMI, 2492NLMI, 2414, 2419NLCI, 2450, 2403WXCI, 2490, 2412LMI, 2484WXMI, 2413NLCI, 2414LMI, 2420, 2451, 2403WXMI, 2492WLMI, 2412NLC, 2413NLMI, 2414WLM<\/p>\n<p>Acer Extensa 2500 Series<br \/>\nAcer Extensa 2501LC, 2501LM, 2500, 2501FLC,<\/p>\n<p>Acer Extensa 2600 Series<\/p>\n<p>Acer Aspire 2900 Series<br \/>\nAcer Aspire 2920, 2900, 2930, 2950, 2920Z<\/p>\n<p>Acer Travelmate 300 Series<br \/>\nAcer Travelmate 382TM, 345, 359, 371LCI, 330T, 350TEN, 370C, 372, 352, 351TEN, 372TM, 330, 373, 368D, 352TE-N, 380TC, 333, 354TE, 382, 342, 350PC, 364ECI, 382TMI, 345T, 360, 371LMI, 350, 350TEV, 370P, 372LCI, 355, 351TEV, 372TMI, 374, 370, 352TEV, 380TCI, 333T, 354TEV, 382LCI, 342T, 365, 383, 347, 360PC, 371TCI, 350C, 350TEVD, 370PC, 372LMI, 356, 351TEVD, 380, 353, 381, 340, 382TC, 343, 383TCI, 347T, 361, 371TCI XP, 350E, 350TEVN, 372TC, 371, 358, 351TEVN, 374TCI, 353TE, 381TC, 340T, 382TCI, 343T, 370TCI, 363, 371TI, 350P, 351, 372TCI, 353TEV, 381TCI, 341, 361EVI, 382TI, 343TV, 370TMI, 350TE, 371TMI, 351TE, 372TI, 352TE, 380LCI, 332T, 354, 381TI, 341T, 364<\/p>\n<p>Acer Travelmate 3000 Series<br \/>\nAcer Travelmate 3000, 3003WLMI, 3043, 3005LCI, 3000WLMI, 3001 WLMI, 3002NLCI, 3003LCI, 3002, 3004, 3005WLCI, 3002LMI, 3002NWLCI, 3003LMI, 3002WTCI, 3004LCI, 3005WLMI, 3000LC, 3002LC, 3002WLCI, 3054WXC, 3003WCI, 3010, 3004LMI, 3030, 3000LCI, 3002LCI, 3002WLMI, 3003WLCI, 3012WTMI, 3004WLMI, 3040, 3000LM, 3003, 3003WLM, 3005, 3000LMI, 3002NLC, 3003LC<\/p>\n<p>Acer Aspire 3100 Series<br \/>\nAcer Aspire 3102, 3100, 3103, 3104NWLC, 3104WLMIB,<\/p>\n<p>Acer Aspire 3200 Series<br \/>\nAcer Aspire 3212WXMI, 3220, 3201XMI, 3203XMI, 3260WXMI, 3205XMI, 3211, 3212XCI, 3200, 3240, 3202, 3204, 3261AWXM, 3210, 3211WXCI, 3212XMI, 3200XCI, 3270, 3202XCI, 3204XCI, 3262WXMI, 3210WXCI, 3211WXMI, 3213, 3200XMI, 3273WXMI, 3202XMI, 3204XMI, 3262, 3210WXMI, 3212, 3213WXCI, 3201, 3280, 3203, 3205, 3210XCI, 3212WXCI, 3213WXMI, 3201XCI, 3282, 3203XCI, 3242NWXMI, 3205XCI, 3210XMI, 3300 Series, 3300, 3302, 3304<\/p>\n<p>Acer Aspire 3400 Series<br \/>\nAcer Aspire 3410, 3410T, 3500 Series, 3502WLCI, 3505WLMI, 3500WLCI, 3503, 3508WLMI, 3500WLMI, 3503LCI, 3509WLMI, 3502, 3503WLCI, 3502LCI, 3503WLMI, 3502NLCI, 3505LMI<\/p>\n<p>Acer Aspire 3600 Series<br \/>\nAcer Aspire 3682NWXCI, 3602NWXM, 3683WXMI, 3692WLCI, 3603XCI, 3692WLMI, 3603, 3684NWXMI, 3693WLMI, 3608, 3603NWXM, 3684WXCI, 3608WXCI, 3603WLCI, 3608WXMI, 3600, 3682NWXC, 3603WXCI, 3630, 3682, 3602, 3682WXMI, 3603WXMI, 3690, 3680<\/p>\n<p>Acer TimelineX 3800 Series<br \/>\nAcer TimelineX 3810T, 3810TG, 3810TZ<\/p>\n<p>Acer Aspire 3900 Series<br \/>\nAcer Aspire 3935<\/p>\n<p>Acer Travelmate 400 Series<br \/>\nAcer Travelmate 422XC, 420, 421, 422<\/p>\n<p>Acer Travelmate 4000 Series<br \/>\nAcer Travelmate 4025LMI , 4062WLMI, 4010, 4000LMI, 4051, 4011WLMI, 4001LM, 4052, 4020NWLCI, 4001WLMI, 4053, 4021NWLCI, 4002LMI, 4061LCI, 4022WLCI, 4005LMI, 4061WLMI, 4050, 4064, 4010WLCI, 4000WLCI, 4051LC, 4012, 4001LMI, 4052LCI, 4020WLCI, 4001XCI, 4053LMI, 4021NWLMI, 4002NLCI, 4061LMI, 4024, 4005WLMI, 4062, 4050LC, 4064LMI, 4011, 4000WLMI, 4051LCI, 4012NLCI, 4001NLCI, 4052LMI, 4020WLMI, 4002, 4060, 4021WLCI, 4002WLCI, 4061NLCI, 4024WLMI, 4009, 4062LCI, 4050LCI, 4064WLMI, 4011LCI, 4001, 4051LMI, 4015, 4001WLC, 4052NLCI, 4021, 4002LC, 4060LCI, 4021WLMI, 4002WLM, 4061NLMI, 4025, 4009LC, 4062LMI, 4000, 4050LM, 4070, 4011LMI, 4001LC, 4051WLCI, 4015LMI, 4001WLCI, 4052WLCI, 4021LCI, 4002LCI, 4060LMI, 4022, 4002WLMI, 4061NWLCI, 4025LCI, 4062WLCI, 4009LCI, 4000LCI, 4050LMI, 4080, 4011WLCI, 4001LCI, 4051WLMI, 4020, 4001WLM, 4052WLMI, 4021LMI, 4002LM, 4061, 4022NWLMI, 4005, 4061WLCI<\/p>\n<p>Acer Travelmate 4100 Series<br \/>\nAcer Travelmate 4150LCI, 4151LMI, 4100, 4152LM, 4101LCI, 4153LMI, 4102WLCI, 4104, 4150LMI, 4151NLCI, 4100LCI, 4152LMI, 4101LMI, 4154LM, 4102WLMI, 4104WLMI, 4150NLCI, 4151WLCI, 4100LMI, 4152NLC, 4101WLMI, 4154LMI, 4103, 4106, 4150WLMI, 4151WLMI, 4100WLM, 4152NLCI, 4102, 4103LCI, 4106WLMI, 4151, 4152LC, 4100WLMI, 4152WLMI, 4102LC, 4103LMI, 4150, 4151LCI, 4152LCI, 4101, 4153LM, 4102LCI, 4103WLCI<\/p>\n<p>Acer Extensa 4200 Series<br \/>\nAcer Extensa 4220, 4230<\/p>\n<p>Acer Aspire 4300 Series<br \/>\nAcer Aspire 4315<\/p>\n<p>Acer Travelmate 4500 Series<br \/>\nAcer Travelmate 4501WLCI, 4502LMI, 4503LMI, 4501, 4501WLM, 4502WLCI, 4503WLCI, 4500, 4501LC, 4501WLMI, 4502WLM, 4504, 4500LCI, 4501LCI, 4502, 4502WLMI, 4504LM, 4500LMI, 4501LMI, 4502LC, 4503, 4504LMI, 4500WLCI, 4501WLC, 4502LCI, 4503LCI, 4500WLMI<\/p>\n<p>Acer Travelmate 4600 Series<br \/>\nAcer Travelmate 4602WLMI, 4604WLM, 4652LCI, 4654LMI, 4601, 4601WLMI, 4603, 4604WLMI, 4652LMI, 4654WLMI, 4601LC, 4602, 4603WLCI, 4650, 4652NLCI, 4655LM, 4601LCI, 4602LCI, 4620Z, 4603WLMI, 4650LCI, 4652WLCI, 4670, 4601LM, 4602LMI, 4604, 4650LMI, 4652WLMI, 4672WLMI, 4601LMI, 4602WLM, 4604WLCI, 4652, 4654, 4600, 4601WLM<\/p>\n<p>Acer Aspire TimelineX 4800 Series<br \/>\nAcer Aspire TimelineX 4810TZ, 4810T<\/p>\n<p>Acer Aspire 4900 Series<br \/>\nAcer Aspire 4935, 4930, 4920<\/p>\n<p>Acer Travelmate 500 Series<br \/>\nAcer Travelmate 529TX, 510, 540, 530XCI, 521, 541LCIB, 531LCI, 522, 542LMI, 533LC, 524TXV, 505, 534, 527TXV, 507, 535, 529TXV, 540LCI, 530XV, 521T, 541LMI, 531XC, 522T, 543, 533LCI, 525, 505DX, 534LC, 528, 507DX, 535LC, 530, 510DX, 540LMI, 530XVI, 521TE, 541XCI, 531XCI, 522TX, 543LCI, 533XC, 525TE, 551XV, 505T, 534LCI, 528TE, 507T, 535LCI, 530LC, 510T, 541, 531, 521TEV, 541XV, 531XV, 524, 543LMI, 533XCI, 525TX, 506, 534TL, 529, 508DX, 536, 530LCI, 520, 541LC, 521TX, 542, 531XVI, 524TE, 550, 500, 533XV, 525TXV, 553, 506DX, 534XC, 529ATXV, 508T, 536LCI, 530XC, 520IT, 541LCI, 531LC, 521TXV, 542LCI, 533, 524TX, 551, 509, 533XVI, 527, 506T, 534XCI<\/p>\n<p>Acer Aspire 5000 Series<br \/>\nAcer Aspire 5005WLMI, 5053NWXMI, 5001LMI, 5002WLCI, 5004, 5030, 5053WXMI, 5000, 5002, 5002WLM, 5004WLCI, 5040, 5000WLMI, 5002LC, 5002WLMI, 5004WLMI, 5051AWXC, 5052AWXMI, 5051AWXMI, 5001, 5002LCI, 5003, 5005, 5052ANWXMI, 5001LCI, 5002LM, 5003WLCI, 5005WLCI, 5052NWXMI, 5001LM, 5002LMI, 5003WLMI<\/p>\n<p>Acer Aspire 5100 Series<br \/>\nAcer Aspire 5102, 5112WLMI, 5100, 5102WLMI, 5113WLMI, 5101, 5103WLMI, 5114WLMI, 5102WLCI, 5110, 5102AWLMIP, 5115WLMI, 5101AWLMI, 5103WLMIP<\/p>\n<p>Acer Extensa 5300 Series<br \/>\nAcer Extensa 5320-101G12MI, 5320-101G16MI, 5313WLMI, 5320-201G16MI, 5320-202G16MI, 5310, 5320-2518, 5320, 5330, 5320-051G16MI, 5315<\/p>\n<p>Acer Aspire TimelineX 5400 Series<br \/>\nAcer Aspire TimelineX 5410T, 5410<\/p>\n<p>Acer Extensa 5500 Series<br \/>\nAcer Extensa 5520-6A2G12MI, 5515WLMI, 5520G-602G25, 5520-401G12MI, 5502, 5520-5134, 5510, 5514, 5520G-402G16, 5520-5568, 5560, 5530, 5520-6A2G16MI, 5520-401G16, 5503, 5520-5283, 5515, 5540, 5520-5678, 5561AWXMI, 5520-7A2G16MI, 5520-402G16MI, 5504, 5520-5308, 5541ANWXMI, 5520G, 5520-5762, 5562WXMI, 5520-501G12MI, 5520-5313, 5520, 5542ANWXMI, 5520-5929, 5563WXMI, 5520G-402G16MI, 5500, 5520-501G16MI, 5512, 5520-5A1G12MI, 5520-5421, 5550, 5520-6A1G08MI, 5520G-502G25MI, 5520-401G12, 5501, 5520-502G16MI, 5513, 5520-6A1G16MI, 5520-5424, 5552NWXMI<\/p>\n<p>Acer Aspire 5600 Series<br \/>\nAcer Aspire 5633WLMI, 5683WLMI, 5620G-1A2G25MI, 5620, 5650, 5684WLMI, 5620Z, 5623WSMI, 5670, 5620Z-1A2G16MI, 5624WSMI, 5672WLMI, 5620-1A1G12, 5632WLMI, 5680, 5620-1A2G25MI, 5634WLMI, 5680 3G, 5620G, 5600<\/p>\n<p>Acer Travelmate 5700 Series<br \/>\nAcer Travelmate 5720-301G16MI, 5730, 5720G-102G16, 5720G-302G20, 5720-101G12, 5720-302G16MN, 5720G-102G20, 5720G-302G20N, 5720-101G16, 5720-6564, 5720G-301G16, 5720G-602G16MI, 5710G, 5720-101G16MI, 5720-6623, 5720G-301G16MI, 5720G-602G25N, 5710-101G12, 5720G, 5710, 5720-101G16N, 5720G-101G16, 5720G-302G16, 5720G-F3MI, 5710-101G12MI, 5720, 5720-301G16, 5720G-101G16N, 5720G-302G16MI, 5710-101G16<\/p>\n<p>Acer Aspire TimelineX 5800 Series<br \/>\nAcer Aspire TimelineX 5810TG, 5810T<\/p>\n<p>Acer Travelmate 600 Series<br \/>\nAcer Travelmate 600, 613, 614TXVCI, 600TER, 603TER-98, 610TXVI, 611TXV, 613TXC, 600TER-128, 604, 610TXVI-ME, 612, 613TXV, 602, 604TER, 611, 612TXC, 614, 602TER, 610, 611TXC, 612TXCI, 614TXCI, 603, 610TXC, 611TXCI, 612TXV, 614TXV, 603TER, 610TXV, 611TXCI-D<\/p>\n<p>Acer Travelmate 6000 Series<br \/>\nAcer Travelmate 6003LCI, 6000, 6003LMI, 6001, 6004, 6002, 6004L, 6002LCI, 6004LC, 6003, 6004LMI<\/p>\n<p>Acer Travelmate 6200 Series<br \/>\nAcer Travelmate 6292, 6293<\/p>\n<p>Acer Travelmate 6400 Series<br \/>\nAcer Travelmate 6463LMI, 6465WLMIB, 6463WLMI, 6492, 6410, 6463WLMIB, 6493, 6413LMI, 6464WLMI, 6414LMI, 6464WLMIB, 6460, 6465WLMI<\/p>\n<p>Acer Travelmate 6500 Series<br \/>\nAcer Travelmate 6592, 6593G, 6593, 6592G, 6590<\/p>\n<p>Acer Travelmate 700 Series<br \/>\nAcer Travelmate 722ITXV, 710TE, 741, 730, 732TX, 735, 737, 720X, 700, 739GTLC, 722TX, 711, 741LVF, 730TE, 732TXV, 735TLV, 737TLV, 721, 700T, 739GTLV, 722TXNT, 711TE, 744, 730TX, 734, 735TXV, 738, 721TX, 710, 739TLV, 723, 712, 744LCF, 730TXV, 734TL, 736, 720, 738TLV, 722, 710DX, 740, 723TX, 712TE, 732, 734TX, 736TL, 720TX, 738TLV-9, 722ITX, 710T, 740LVF, 723TXV, 732TLV, 734TXV, 736TLV, 720TXV, 739<\/p>\n<p>Acer Aspire 7100 Series<br \/>\nAcer Aspire 7100, 7104WSMI, 7110, 7112WSMI<\/p>\n<p>Acer Travelmate 7300 Series<br \/>\nAcer Travelmate 7320, 7320-101G12<\/p>\n<p>Acer Travelmate 7500 Series<br \/>\nAcer Travelmate 7514WSMI, 7530, 7520-5594, 7520-7A2G16MI, 7520-401G16MI, 7520G-502G16, 7520G-502G25, 7520-301G16, 7520, 7520-5A1G16MI, 7520-7A2G25MI, 7520-402G16MI, 7520G-502G25MI, 7520-401G16, 7520-6A1G12MI, 7520G, 7520-501G16MI, 7520G-502G32MI, 7520-402G16, 7520-6A2G16MI, 7520G-402G16, 7520-6A1G16, 7520G-730G50, 7510, 7520-502G16MI, 7520-6A2G25MI, 7520G-402G16MI, 7512AWSMI, 7520-502G25MN, 7520-7A1G12MI, 7520G-402G25MI, 7520G-502G20<\/p>\n<p>Acer Aspire 7700 Series<br \/>\nAcer Aspire 7730, 7720, 7720G<\/p>\n<p>Acer Note 800 Series<br \/>\nAcer Note 850C<\/p>\n<p>Acer Travelmate 8000 Series<br \/>\nAcer Travelmate 8002LCIB, 8004LMI, 8006LMI, 8003, 8004LMIB, 8003LCI, 8005, 8000, 8003LMI, 8005LMI, 8002, 8003LMIB, 8005LMIB, 8002LCI, 8004, 8006<\/p>\n<p>Acer Travelmate 8100 Series<br \/>\nAcer Travelmate 8104, 8104AWLMI, 8100, 8104WLMI, 8100S, 8103, 8103WLMI<\/p>\n<p>Acer Travelmate 8200 Series<br \/>\nAcer Travelmate 8210<\/p>\n<p>Acer Extensa 900 Series<br \/>\nAcer Extensa 900, 950, 950C<\/p>\n<p>Acer Aspire 9100 Series<br \/>\nAcer Aspire 9100, 9104LM, 9112WLMI, 9100WLMI, 9104LMI, 9114WLMI, 9101, 9104WLMI, 9103, 9105, 9103WLMI, 9105WLMI, 9104, 9110<\/p>\n<p>Acer Aspire 9200 Series<br \/>\nAcer Aspire 9210<\/p>\n<p>Acer Aspire 9300 Series<br \/>\nAcer Aspire 9303WSMI, 9304, 9301, 9301WSMI, 9300<\/p>\n<p>Acer Aspire 9400 Series<br \/>\nAcer Aspire 9424AWSMI, 9420, 9424WSM, 9420WSMI, 9424WSMI, 9422WSMI, 9423WSM, 9423WSMI<\/p>\n<p>Acer Aspire 9500 Series<br \/>\nAcer Aspire 9501WLMI, 9504WSMI, 9502WLMI, 9502WSMI, 9503EWSMI, 9500, 9503WLMI, 9500WSMI, 9503WSMI<\/p>\n<p>Acer Travelmate C100 Series<br \/>\nAcer Travelmate C102T, C110, C111TCIB, C102TCI, C110TCI, C111TI, C102TI, C110TI, C104, C111, C100, C104CTI, C111CTI, C102, C104TI, C111TCI<\/p>\n<p>Acer Travelmate C200 Series<br \/>\nAcer Travelmate C204TMI, C215TMI, C210, C200, C213TMI, C203, C203ETCI, C204<\/p>\n<p>Acer Travelmate C300 Series<br \/>\nAcer Travelmate C302XMI, C303XMI, C311XMI, C313XMI, C300XMI, C302XMI 11G, C310, C312, C314, C301XCI, C302XMIB, C310XCI, C312XCI, C314XCI, C301XCI-G, C302XMI-G, C310XMI, C312XMI, C314XMI, C300, C302, C303, C311, C313, C300XCI, C302XCI, C303XCI, C311XCI, C313XCI, C300XCI 11G<\/p>\n<p>Acer Travelmate MS Series<br \/>\nAcer Travelmate MS2103<\/p>\n<p>Acer Note Light P100 Series<br \/>\nAcer Note Light P100<\/p>\n<p>Acer Travelmate ZF Series<br \/>\nAcer Travelmate ZF1<\/p>\n<p>Acer Travelmate ZL Series<br \/>\nAcer Travelmate ZL1<\/p>\n<p>Acer Aspire 1410 Series<br \/>\nAcer Aspire 1680 Series<br \/>\nAcer Aspire 1690 Series<br \/>\nAcer Aspire 3000 Series<br \/>\nAcer Aspire 3500 Series<br \/>\nAcer Aspire 3600 series<br \/>\nAcer Aspire 5000 Series<br \/>\nAcer Aspire 5500 Series<\/p>\n<p>Acer Travelmate 230 Series<br \/>\nAcer Travelmate 280 Series<br \/>\nAcer Travelmate 290 Series<br \/>\nAcer Travelmate 310 Series<br \/>\nAcer Travelmate 340 Series<br \/>\nAcer Travelmate 350 Series<br \/>\nAcer Travelmate 360 Series<br \/>\nAcer Travelmate 510 Series<br \/>\nAcer Travelmate 520 Series<br \/>\nAcer Travelmate 620 Series<br \/>\nAcer Travelmate 630 Series<br \/>\nAcer Travelmate 720 Series<br \/>\nAcer Travelmate 730 Series<br \/>\nAcer Travelmate 2300 Series<br \/>\nAcer Travelmate 2400 Series<br \/>\nAcer Travelmate 3000 Series<br \/>\nAcer Travelmate 3200 Series<br \/>\nAcer Travelmate 4000 Series<br \/>\nAcer Travelmate 4100 Series<br \/>\nAcer Travelmate 4500 Series<br \/>\nAcer Travelmate 6000 Series<br \/>\nAcer Travelmate 8000 Series<br \/>\nAcer Travelmate C310 Series<\/p>\n<p>Acer Aspire 5551 Series<br \/>\nAcer Aspire 5551, AS5551, 5551-2013, AS5551-2013, AS5551-2036, 5551-2036, AS5551-2036, 5551-2380, AS5551-2380, 5551-2450, AS5551-2450, 5551-2805, AS5551-2805, 5551-4200, AS5551-4200, 5551-4937, AS5551-4937<\/p>\n<p>Acer Aspire 5551g Series<br \/>\nAcer Aspire 5551G, AS5551G, 5551G-4280, AS5551G-4280, 5551G-4591, AS5551G-4591<\/p>\n<p>Acer Aspire 5553g Series<br \/>\nAcer Aspire 5553G, AS5553G, 5553G-5357, AS5553G-5357, 5553G-5881, AS5553G-5881<\/p>\n<p>Acer Aspire 5739g Series<br \/>\nAcer Aspire 5739G, AS5739G, 5739G-6959, AS5739G-6959<\/p>\n<p>Acer Aspire 5745 Series<br \/>\nAcer Aspire 5745, AS5745, 5745-3428, AS5745-3428, 5745-3633, AS5745-3633, 5745-5387, AS5745-5387, 5745-7247, AS5745-7247, 5745-7833, AS5745-7833<\/p>\n<p>Acer Aspire 5745G Series<br \/>\nAcer Aspire 5745G, AS5745G, 5745G-3690, AS5745G-3690, 5745DG-3855, AS5745DG-3855, 5745G-5844, AS5745G-5844, 5745G-6271, AS5745G-6271,e 5745G-6323, AS5745G-6323, 5745G-6538, AS5745G-6538, 5745G-6726, AS5745G-6726, 5745G-7671, AS5745G-7671, 5745PG-3882, AS5745PG-3882, 5745PG-3915, AS5745PG-3915, 5745PG-5978, AS5745PG-5978<\/p>\n<p>Acer Aspire 7540 Series<br \/>\nAcer Aspire 7540, AS7540, 7540-1284, AS7540-1284, 7540-1317, AS7540-1317, 7540-1705, AS7540-1705, 7540-1734, AS7540-1734, 7540-5750, AS7540-5750, 7540-5980, AS7540-5980<\/p>\n<p>Acer Aspire 7551 Series<br \/>\nAcer Aspire 7551, AS7551, 7551-3068, AS7551-3068, 7551-3416, AS7551-3416, 7551-3634, AS7551-3634, 7551-5358, AS7551-5358<\/p>\n<p>Acer Aspire 7551G Series<br \/>\nAcer Aspire 7551G, AS7551G, 7551G-5056, AS7551G-5056, 7551G-5407, AS7551G-5407, 7551G-5821, AS7551G-5821, 7551G-6477, AS7551G-6477<\/p>\n<p>Acer Aspire 7552G Series<br \/>\nAcer Aspire 7552G, AS7552G, 7552G-5107, AS7552G-5107, 7552G-6061, AS7552G-6061<\/p>\n<p>Acer Aspire 7736 Series<br \/>\nAcer Aspire 7736, AS7736, 7736-6080, AS7736-6080, 7736-6948, AS7736-6948<\/p>\n<p>Acer Aspire 7736Z Series<br \/>\nAcer Aspire 7736Z, AS7736Z, 7736Z-4015, AS7736Z-4015, 7736Z-4088, AS7736Z-4088, 7736Z-4444, AS7736Z-4444, 7736Z-4809, AS7736Z-4809, 7736Z-4905, AS7736Z-4905, 7736Z-4953, AS7736Z-4953<\/p>\n<p>Acer Aspire 7740 Series<br \/>\nAcer Aspire 7740, AS7740, 7740-5029, AS7740-5029, 7740-5618, AS7740-5618, 7740-5691, AS7740-5691, 7740-6656, AS7740-6656<\/p>\n<p>Acer Aspire 7740g Series<br \/>\nAcer Aspire 7740G, AS7740G, 7740G-6140, AS7740G-6140, 7740G-6364, AS7740G-6364, 7740G-6488, AS7740G-6488, 7740G-6930, AS7740G-6930<\/p>\n<p>Acer Aspire 7741 Series<br \/>\nAcer Aspire 7741, AS7741, 7741-5137, AS7741-5137, 7741-5209, AS7741-5209, 7741-5932, AS7741-5932, 7741-7870, AS7741-7870<\/p>\n<p>Acer Aspire 7741G Series<br \/>\nAcer Aspire 7741G, AS7741G, 7741G-3647, AS7741G-3647, 7741G-5877, AS7741G-5877, 7741G-7017, AS7741G-7017<\/p>\n<p>Acer Aspire 7741Z Series<br \/>\nAcer Aspire 7741Z, AS7741Z, 7741Z-4592, AS7741Z-4592, 7741Z-4633, AS7741Z-4633, 7741Z-4643, AS7741Z-4643, 7741Z-4815, AS7741Z-4815, 7741Z-5731, AS7741Z-5731<\/p>\n<p>Acer Aspire 5745, 5745P, 5745PG, 5749, 5750, 5750G, 5750Z, 5750Z,G 5830, 5830G 5830T<br \/>\nAcer Aspire 5920, 5930, 5930G, 5930Z, 5935G, 5940G, 5943G, 6530, 6920, 6920G, 6930Z, 6930<br \/>\nAcer Aspire 6935, 6935G, 7250, 7535, 7540, 7551, 7551G, 7720, 7720Z, 7720ZG, 7730, 7730Z<br \/>\nAcer Aspire 7730ZG, 7735, 7735G, 7736, 7736Z, 7736ZG, 7739, 7739G, 7739Z, 7740G, 7741Z<br \/>\nAcer Aspire 7741ZG, 7745, 7750, 7750Z, 8730G, 8730<br \/>\nAcer Aspire V5-571-6869, V5-171-6422, V5-171-6675, V5-171-6471, V5-171-9661, V5-571P-6642, V5-171-6471, V5-171-6422, V5-571-6605, V5-531-4636, V5-471P-6605, V5-571-6806, V5-171-9661, V5-571PG-9814, V5-171-6860, V5-571P-6473, V5-571-6662, V5-431-4689, V5-571-6893, V5-171-6675, V5-571P-6831, V5-471P-6498, V5-571-6869, V5-571P-6400, V5-131-2682, V5-431-4407, V5-471-6569, V5-571-6891, V5-571P-6888, V5-571P-6407, V5-571P-6648, V5-471P-6843, V5-171-6616, V5-471P-6467, V5-571P-6464, V5-571P-6815, V5-471P-6840, V5-571-6471, V5-571P-6472, V5-571P-6657, V5-571-6471<br \/>\nAcer Aspire V3-571G-9683, V3-571G-9686, V3-571G-6407, V3-551-8469, V3-771G-6851, V3-571G-6622, V3-571-6643, V3-771G-9809, V3-731-4649, V3-571-6698, V3-771G-9441, V3-771-6865, V3-771G-6485, V3-571-9890, V3-551G-X419, V3-771G-982, V3-551-8458, V3-771G-6601, V3-731-4695, V3-551-8809, V3-731-4446, V3-551G-8454, V3-771G-9804, V3-771G-9851, V3-731-4473, V3-771-6833, V3-551-7423, V3-571-9401, V3-771-6470, V3-551-8887<br \/>\nAcer E1-571-6472, E1-571-6888, E1-571-6492, E1-571-6801, E1-571-6454, E1-531-4694, E1-571-6853, E1-531-2621, E1-521-0851, E1-571-6472, E1-531-2697, E1-571-6402, E1-571-6442, E1-531-2644, E1-531-4444, E1-571-6490, E1-531-2621, E1-571-6454, E1-571-6848, E1-571-6837, E1-571-6650, E1-571-6481, E1-571-6811<\/p>\n","protected":false},"excerpt":{"rendered":"<h1 class=\"product_main_name\">CARGADOR PARA PORT\u00c1TIL ACER 19V 4.74A 90W 5.5X1.7MM<\/h1>\n<p>&nbsp;<\/p>\n","protected":false},"featured_media":765,"comment_status":"open","ping_status":"closed","template":"","meta":{"_joinchat":[]},"product_brand":[],"product_cat":[19,18],"product_tag":[122],"class_list":{"0":"post-763","1":"product","2":"type-product","3":"status-publish","4":"has-post-thumbnail","6":"product_cat-cargadores","7":"product_cat-cargadores-portatiles","8":"product_tag-cargador-portatiles","10":"first","11":"instock","12":"taxable","13":"shipping-taxable","14":"purchasable","15":"product-type-simple"},"jetpack_sharing_enabled":true,"_links":{"self":[{"href":"https:\/\/www.reparaexpress.es\/tienda\/wp-json\/wp\/v2\/product\/763","targetHints":{"allow":["GET"]}}],"collection":[{"href":"https:\/\/www.reparaexpress.es\/tienda\/wp-json\/wp\/v2\/product"}],"about":[{"href":"https:\/\/www.reparaexpress.es\/tienda\/wp-json\/wp\/v2\/types\/product"}],"replies":[{"embeddable":true,"href":"https:\/\/www.reparaexpress.es\/tienda\/wp-json\/wp\/v2\/comments?post=763"}],"wp:featuredmedia":[{"embeddable":true,"href":"https:\/\/www.reparaexpress.es\/tienda\/wp-json\/wp\/v2\/media\/765"}],"wp:attachment":[{"href":"https:\/\/www.reparaexpress.es\/tienda\/wp-json\/wp\/v2\/media?parent=763"}],"wp:term":[{"taxonomy":"product_brand","embeddable":true,"href":"https:\/\/www.reparaexpress.es\/tienda\/wp-json\/wp\/v2\/product_brand?post=763"},{"taxonomy":"product_cat","embeddable":true,"href":"https:\/\/www.reparaexpress.es\/tienda\/wp-json\/wp\/v2\/product_cat?post=763"},{"taxonomy":"product_tag","embeddable":true,"href":"https:\/\/www.reparaexpress.es\/tienda\/wp-json\/wp\/v2\/product_tag?post=763"}],"curies":[{"name":"wp","href":"https:\/\/api.w.org\/{rel}","templated":true}]}}