{"id":844,"date":"2022-09-09T10:37:06","date_gmt":"2022-09-09T10:37:06","guid":{"rendered":"https:\/\/www.reparaexpress.es\/tienda\/?post_type=product&#038;p=844"},"modified":"2022-09-09T10:37:27","modified_gmt":"2022-09-09T10:37:27","slug":"cargador-apple-20w-pd-ligning","status":"publish","type":"product","link":"https:\/\/www.reparaexpress.es\/tienda\/producto\/cargador-apple-20w-pd-ligning\/","title":{"rendered":"CARGADOR APPLE 20W + PD LIGHTNING"},"content":{"rendered":"<p>Cargador R\u00e1pido\u00a0PD+QC 20W Charger 20W &#8211; D92B<\/p>\n<p>PD CHARGER = CARGA MUY MUY R\u00c1PIDA<\/p>\n<p>PD\u00a0CHARGER\u00a0: USB Power Delivery es una tecnolog\u00eda de carga r\u00e1pida compatible con determinados dispositivos iOS\/Apple y Android\/Google que ofrece niveles mucho m\u00e1s altos de potencia que la carga est\u00e1ndar.<\/p>\n<p><strong>La Tecnolog\u00eda Quick Charger 3.0<br \/>\n<\/strong><\/p>\n<p>le permite cargar los dispositivos cuatro veces m\u00e1s r\u00e1pido que los cargadores tradicionales y 40% m\u00e1s r\u00e1pido que Tecnolog\u00eda Quick Charge 2.0 .<\/p>\n","protected":false},"excerpt":{"rendered":"<p>Cargador R\u00e1pido\u00a0PD+QC 20W Charger 20W &#8211; D92B PD CHARGER = CARGA MUY MUY R\u00c1PIDA PD\u00a0CHARGER\u00a0: USB Power Delivery es una tecnolog\u00eda de carga r\u00e1pida compatible con determinados dispositivos iOS\/Apple y Android\/Google que ofrece niveles mucho m\u00e1s altos de potencia que la carga est\u00e1ndar. La Tecnolog\u00eda Quick Charger 3.0 le permite cargar los dispositivos cuatro veces [&hellip;]<\/p>\n","protected":false},"featured_media":850,"comment_status":"open","ping_status":"closed","template":"","meta":{"_joinchat":[]},"product_brand":[],"product_cat":[19,20],"product_tag":[127],"class_list":{"0":"post-844","1":"product","2":"type-product","3":"status-publish","4":"has-post-thumbnail","6":"product_cat-cargadores","7":"product_cat-cargadores-moviles","8":"product_tag-iphone","10":"first","11":"instock","12":"taxable","13":"shipping-taxable","14":"purchasable","15":"product-type-simple"},"jetpack_sharing_enabled":true,"_links":{"self":[{"href":"https:\/\/www.reparaexpress.es\/tienda\/wp-json\/wp\/v2\/product\/844","targetHints":{"allow":["GET"]}}],"collection":[{"href":"https:\/\/www.reparaexpress.es\/tienda\/wp-json\/wp\/v2\/product"}],"about":[{"href":"https:\/\/www.reparaexpress.es\/tienda\/wp-json\/wp\/v2\/types\/product"}],"replies":[{"embeddable":true,"href":"https:\/\/www.reparaexpress.es\/tienda\/wp-json\/wp\/v2\/comments?post=844"}],"wp:featuredmedia":[{"embeddable":true,"href":"https:\/\/www.reparaexpress.es\/tienda\/wp-json\/wp\/v2\/media\/850"}],"wp:attachment":[{"href":"https:\/\/www.reparaexpress.es\/tienda\/wp-json\/wp\/v2\/media?parent=844"}],"wp:term":[{"taxonomy":"product_brand","embeddable":true,"href":"https:\/\/www.reparaexpress.es\/tienda\/wp-json\/wp\/v2\/product_brand?post=844"},{"taxonomy":"product_cat","embeddable":true,"href":"https:\/\/www.reparaexpress.es\/tienda\/wp-json\/wp\/v2\/product_cat?post=844"},{"taxonomy":"product_tag","embeddable":true,"href":"https:\/\/www.reparaexpress.es\/tienda\/wp-json\/wp\/v2\/product_tag?post=844"}],"curies":[{"name":"wp","href":"https:\/\/api.w.org\/{rel}","templated":true}]}}